 14 + (3 - (-5 + 4) - (3 + 2)).
13
What is (18 - 1) + (-38 - (-25 + -15))?
19
Evaluate 6 - 12 - 2 - -12 - (19 - 1).
-14
Evaluate (-8 - (-1 - 2)) + 4 + -2 + 5.
2
Evaluate (0 - 2) + 5 + -1 + 4 + -3.
3
What is the value of 0 + -12 + (18 + 6 - -13)?
25
Evaluate 1 + -2 - (106 - 113) - 8.
-2
What is (9 - 33 - -18) + 0 + 1 + 0?
-5
(24 + -27 - (-13 - 0)) + (1 - 6)
5
What is the value of -11 + 15 + -1 + (2 - 6) + -2?
-3
Evaluate 34 + (-8 - 16) + -2 + 1.
9
Calculate 55 - 35 - 22 - (-23 - 0).
21
What is the value of -14 + -7 + 9 - (2 + -10 + 3)?
-7
What is 9 - (-10 - -1 - (9 + -7))?
20
Evaluate 3 - 2 - (73 + -52 - 7).
-13
Calculate (-8 - 0 - 7) + (11 - (5 - 0)).
-9
Evaluate (41 - 38) + (0 - (2 + 3)) - -5.
3
What is 1023 + -1039 - (-2 + -35)?
21
-6 - (19 + -9) - (-5 + -26)
15
Evaluate 24 + (-104 - -69) + 36 + (1 - 2).
24
Calculate -23 + -1 - -2 - (-1 + -3).
-18
Calculate (-14 - (9 - 19)) + 17 - 11.
2
Evaluate -4 + 3 + (17 - 12 - -8).
12
What is (-13 - (-20 + 5)) + (2 - 10)?
-6
-19 + 1 + 7 + -34 + 30 - 2
-17
-11 - ((-81 - -8) + 40)
22
What is (14 - (-12 - -23)) + 6 - (3 - 17)?
23
What is 11 + (-10 - -8) + -4?
5
What is 18 + -13 + (20 - 8) + (-7 - 2)?
8
Calculate -8 + 0 + 3 - (-33 - -32) - -17.
13
What is -27 + -9 + 24 + (12 - -1)?
1
What is -14 - (5 + 5 + -23)?
-1
-11 - (37 - 24 - 51)
27
What is the value of (7 - -5 - (16 - 21)) + -13?
4
What is the value of -19 + (-7 - (9 - 27) - (8 - 1))?
-15
Calculate (3 - (4 - -3) - -8) + (29 - 11).
22
Evaluate (-22 + 13 - -6) + 14.
11
What is (-6 - 11) + (2 - (2 + -5)) + 3?
-9
-18 + -6 + -6 + 16
-14
Evaluate 20 + 6 + (-11 - 2 - (8 + -17)).
22
What is the value of -18 + 39 - 25 - 0?
-4
-36 + 1 - (14 + -25 - 0)
-24
What is -5 + -2 + (30 - 16)?
7
Calculate (11 - (0 - 2 - 2)) + (11 - 18).
8
Evaluate -40 + 32 + (-39 - -23).
-24
Calculate -13 + -66 + 30 + 43.
-6
Calculate -19 - (19 - 13) - -24.
-1
Evaluate (-4 - 1) + (-78 - (62 + -127)).
-18
Evaluate (27 - -3) + (-66 - -19).
-17
What is 5 + (-3 - (1 + (10 - 6)))?
-3
What is -41 - (-25 + -19) - ((2 - -30) + 4)?
-33
Calculate (-2 - (-9 - -4) - -8 - 6) + 0.
5
Calculate 5 + (-9 - (10 - 20)) + -7.
-1
Evaluate 15 + -10 + (-15 - -8).
-2
What is 24 + (8 - -5 - 40)?
-3
What is 10 + (11 - ((7 - 4) + 5) - -3)?
16
What is the value of (-2 - (-7 + 11 - 5)) + 7 + 4?
10
What is 16 + (-2 + 8 - 8) + -5?
9
Calculate 0 + -14 - (1 - -5 - (22 - 17)).
-15
Evaluate -436 + 416 - (1 + (-52 - 0)).
31
(-11 - 0) + 25 + -9 - 6
-1
Calculate (-12 + 3 - (4 - 6)) + -4.
-11
Evaluate 23 + -18 + -11 + 22.
16
What is 1 - -14 - (-56 - -44 - (2 - 15))?
14
What is 3 - (0 + 1) - (159 + -167)?
10
What is the value of -8 + 34 + (-4 - (-8 + (2 - -4)))?
24
Calculate (2 - ((-2 - 3) + -1)) + 149 + -149.
8
What is (-45 - -28) + (-14 - -15) + (1 - -2)?
-13
-14 - (-6 + -18 - -37)
-27
What is the value of -1 + (2 + -17 - -20)?
4
What is the value of -12 + 5 + 0 + (1 - -2 - -2)?
-2
Calculate 2 + 2 + -4 - (17 + -8).
-9
What is (1 + 8 - (1 + (20 - 2))) + 0?
-10
Evaluate 2 - ((10 - -1) + -20).
11
6 - (7 + 3 - 9) - 11
-6
What is the value of 7 - (-2 + 2) - (94 - 93)?
6
Evaluate 5 + -6 - (5 + -14 + 16).
-8
What is the value of -24 + (-113 - -116) + 6 + (1 - 4)?
-18
What is the value of 3 + (-3 - 0) - (-11 - (-16 + 16))?
11
What is the value of -9 + (-6 - (11 + -13 + -12))?
-1
What is the value of 8 + (-19 - (-11 - -14)) - -12?
-2
Evaluate -28 + 21 + (-8 - 4) + 2.
-17
(-41 - -25) + 16 - (-3 - 3)
6
What is the value of 5 + -2 - (-1 + -3) - (3 - 1)?
5
Evaluate 0 - 6 - (6 + (-16 - 4)).
8
4 + (-15 - (-23 + 12)) + 7 + 1
8
1 + -19 + 108 + -100
-10
(-15 - -14) + 2 + 6
7
Evaluate 91 + -88 + -7 + -2 - -6.
0
Calculate 14 + (-8 + 0 - (3 - 7)).
10
(4 - (-26 + 18)) + -4
8
Evaluate (11 - 13) + -14 - 1.
-17
What is -12 + -6 - (-43 + 10)?
15
What is 0 + 0 - -15 - 11?
4
What is the value of (-11 - 12 - -45) + -19?
3
11 + -41 - -45 - 19
-4
45 + 8 - 42 - (-1 - 3)
15
Calculate (-9 - -13) + (-3 + 4 - 3 - 11).
-9
5 + (-1 - -6) + -36 + 13
-13
What is the value of -8 + 17 + -22 + 37?
24
Calculate (77 - 44) + (-9 - 3 - (2 + -6)).
25
Calculate 9 - (14 + -12 + 32).
-25
Evaluate -1 - (3 + (7 - 4 - 3)).
-4
Evaluate -8 - ((-17 - 1) + (3 - -9)).
-2
What is (-4 - -2 - 6) + (6 - 3) - -3?
-2
Calculate -1 - (-1 - 1 - (2 - 6)).
-3
Calculate -4 - (-3 - (-19 + 22)).
2
Calculate -17 - -3 - (8 + -37 - -21).
-6
-23 + 18 - -1 - (5 + 7)
-16
What is -476 + 497 + -8 + -1?
12
What is the value of 15 + (-30 - 9 - -19) - (1 + 6)?
-12
What is 5 - -3 - (2 + -3 + 2 + -3)?
10
Calculate 8 + (1 - (-7 - (5 - 2))).
19
1 + -9 + 208 + -210
-10
What is (0 - 3) + (10 + 55 - 53)?
9
What is -22 - ((7 - 2) + -14 + -14 + 18)?
-17
39 + -22 - (5 - -1)
11
-249 + 245 + (0 + -2 - -1)
-5
What is 12 + -2 + -1 + 3 + (-44 - -38)?
6
What is the value of -27 - 0 - (-15 + -16 + 30 + -2)?
-24
What is the value of 13 - 34 - -54 - 14?
19
What is (23 - 40) + 4 - (-6 - (-1 - 2))?
-10
Calculate 4 + 6 + -6 + -2 - -3.
5
What is -1 + -9 + -8 + 14?
-4
What is -9 + 0 + 2 + 1 + 362 + -358?
-2
What is 0 - -1 - (-25 - -22)?
4
What is -2 - (-4 + 6) - (26 + -35)?
5
What is -3 + 8 + (-8 - -5 - -7) + -2?
7
What is -22 + 14 + (1 - (-7 + 8))?
-8
Calculate (9 + -27 - 14) + 33.
1
Evaluate (8 - (10 - 17)) + -15.
0
What is -36 + 42 + -1 + -2?
3
Calculate (-25 - (11 + -30)) + -14 + -11.
-31
Evaluate (13 + -14 - -8) + -7 + -30.
-30
Evaluate 7 - (1 + 1) - ((-26 - -25) + 24).
-18
Evaluate -26 - (19 + -37) - -1.
-7
10 - (2 + (14 - 9))
3
Calculate 9 - ((20 - 1) + (49 - 43)).
-16
Calculate -18 + (-4 - (-32 - (-13 - 3))).
-6
Evaluate (-2 - (-12 - -3) - 2 - -1) + -1.
5
What is the value of 2 - (-10 - (12 - (27 + -7)))?
4
What is 14 + -25 + 6 - (0 + 3 - 20)?
12
Evaluate (17 - 1) + -12 + -11 + 3.
-4
What is the value of (-20 - (-29 - 16)) + -6?
19
Calculate 0 + 18 + (-1040 - -1004).
-18
Evaluate -6 - 39 - (-375 - -368).
-38
What is 4 + -8 - (15 + 0 - 41)?
22
Evaluate (-48 - -13) + 83 + -23.
25
Calculate 31 + -41 + (31 - 14).
7
8 + 1 + (6 - (14 + -3 + -1))
5
What is (-18 - -21) + (0 - 1) + (30 - 1)?
31
What is (5 - 13) + 5 + -1 + -9 + 3?
-10
(-7 - 0) + (-17 + -4 - 18 - -26)
-20
What is the value of (3 + 12 + 6 - -4) + (-39 - -40)?
26
Evaluate 0 - 18 - (9 - (44 + -19)).
-2
Calculate -6 + -3 + 2 - (-4 - 18) - 3.
12
What is the value of 397 - 389 - (19 + 0)?
-11
What is (2 - 2) + 14 - 2?
12
What is the value of 24 - 30 - (-1 + -1)?
-4
Calculate 0 + -5 + 3 - (14 - 2 - -4).
-18
What is -2 + (11 - (-4 + (-2 - -2) - -7))?
6
What is the value of -13 + 50 + -11 + 5 + -20?
11
What is -5 + 15 + (-4 - 14)?
-8
What is -35 + 51 + 8 + -40?
-16
-3 - ((-12 - -6) + (22 - 12))
-7
Evaluate -1 + (2 + 1 - (-5 - -3)) + -3.
1
Evaluate 0 + -5 + -2 + 11 + -15.
-11
13 + (-1 - -2) + (-6 - -6)
14
What is 15 - 1 - 8 - -6?
12
What is the value of 3 - ((-3 - -8) + -13 + 13)?
-2
(0 - -2) + 26 - (18 + (17 - 28))
21
Calculate -1 + -2 + -40 + 6 + 23.
-14
Calculate 39 - (10 - (10 - (1 + 15))).
23
What is -7 + (21 - (14 + -20)) + -40?
-20
-92 + 75 - (-11 + -5)
-1
33 - (-18 - (-2 + -40))
9
What is -4 - (-25 + -15 + 9 + 6)?
21
Evaluate (-11 - ((1 - 8) + 9)) + (-2 - 2).
-17
Evaluate 2 - (4 - ((-9 - -1) + 14)).
4
Calculate 11 + (-8 - (-14 + -7) - 19).
5
(1 - (-6 + 1)) + (14 - 11)
9
Evaluate -4 + -9 + 24 + -7.
4
Evaluate (-3 - (61 + -54)) + (0 - -8).
-2
0 - (1 - -2 - 13)
10
-5 + (4 - -1) - (-7 - -6) - -1
2
What is 5 + -17 + 9 + -10?
-13
(6 + -6 - -5 - 15) + 2
-8
(-6 - (-9 + -5)) + 72 + -92
-12
What is -5 + -3 - (-12 + -3 + (29 - 12))?
-10
Evaluate 18 - 9 - 7 - (-9 - -6).
5
22 - (24 + 3 + 22)
-27
Calculate 3 + 0 + (2 + 1 - (55 + -59)).
10
Calculate (8 - (35 - 58)) + 2.
33
(5 - (4 - 3) - 4) + 1 + -5
-4
What is (-17 - -29) + -16 + (9 - 6)?
-1
What is 19 + 14 + -23 + (-2 - 1) - 37?
-30
What is (-4 - (17 + -15)) + 13 - 15?
-8
Evaluate 19 - 11 - (1 + 19) - (7 + 2).
-21
-1 + -4 + (48 - (42 - -20))
-19
What is the value of -4 - ((17 - 32 - -30) + -16)?
-3
What is 4 + (14 - (-3 + 22))?
-1
Calculate -6 - ((6 - -3) + (-48 - -37)).
-4
Evaluate 3 + -16 - (-18 - -1).
4
What is (5 - (-4 + 18) - 3) + 4?
-8
What is the value of 6 + 8 + -14 + 0 - -10?
10
What is the value of (1 - -5) + (18 - 12) - 6 - -1?
7
Calculate (1 - 1) + 39 + -52 + -1.
-14
What is 8 + (-15 - (-3 - 12)) + -20 + 0?
-12
(67 - 47) + 4 + -4 + 6
26
Calculate 161 - 182 - (0 + -29).
8
Calculate 5 - -1 - (22 + (-9 - 6) - 6).
5
Eval